450 = -n, -y = -3*t + 5*n + 2. Calculate the greatest common divisor of t and p.
30
Suppose -7*x - 250 - 1171 = -12558. Calculate the highest common factor of x and 111.
37
Let v(s) = s**2 + 5. Let t be v(3). Suppose 5*h = -w + 17, -t*h + 16*h - 42 = -2*w. What is the highest common factor of 121 and w?
11
Suppose -148*h = -143*h - 725. Let u be h + -2 + (-110)/(-10). What is the greatest common factor of u and 44?
22
Let b be 2*5/(20/18). Suppose -2*h - 2*x + 4966 = -0*h, h - 2482 = -2*x. Suppose -16*n + 4*n + h = 0. Calculate the greatest common divisor of n and b.
9
Suppose 2*o + o - 768 = 0. Suppose -18*q + 9 - 261 = 0. Let v be 1962/63 + (-6)/q*2. What is the greatest common factor of o and v?
32
Suppose -5*a - 3*n + n = -76, -2*a = -n - 25. Suppose -a*w = 15*w - 435. Calculate the highest common divisor of 30 and w.
15
Let c = 3 - -619. Let u = 641 - c. What is the highest common divisor of 152 and u?
19
Suppose 10*h - 8*h = 40. Let z = -16 + h. Suppose 3*m = 2 + 4. Calculate the greatest common divisor of z and m.
2
Let o = -487 - -501. What is the highest common divisor of o and 1267?
7
Let b be 1/(-4) + (-69450)/(-40) + -8. What is the greatest common factor of 832 and b?
64
Let z = 226 + 172. Let q be -8*4/(-16) + z. What is the greatest common divisor of 10 and q?
10
Suppose 43230 = x + 3*k, 4*x = -7*k + 251337 - 78457. What is the greatest common factor of 114 and x?
114
Let z = 2626 - 2608. Suppose 0*l + 4*j + 73 = 3*l, 0 = 5*j - 10. What is the greatest common factor of l and z?
9
Let l = 40 + -28. Let n be -2 - (-7)/(28/l). Suppose 4*v = 11 + n. Calculate the highest common factor of v and 3.
3
Suppose 2*j - 62 = 2*f, -4*f - 74 = -3*j + 22. What is the greatest common divisor of 32 and j?
4
Suppose -5*l + 7 = -3*z - 46, 2*l = 3*z + 68. Let m(q) = -q**3 - 24*q**2 + 12*q - 14. Let v be m(z). Calculate the highest common factor of v and 18.
18
Let b(r) = 2*r**2 + r - 3. Let w be b(1). Suppose 0 = -w*y - 3*y - 2*p + 44, 2*y - 3*p - 51 = 0. Calculate the highest common factor of 9 and y.
9
Suppose 3*w - 414 = p - 477, 61 = p - w. Calculate the greatest common divisor of p and 762.
6
Let x be ((-18)/(-21))/1 + 8 + 548864/56. Calculate the highest common factor of 45 and x.
45
Let i(u) = 1502*u - 6. Let c be i(-6). Let w be c/(-30) + 6/15. Let r be ((w/2)/7)/(4/8). What is the highest common divisor of r and 86?
43
Suppose 34 = -2*q - 34. Suppose 0 = -5*m + d + 232, -5*m + 5*d + 238 = d. Let a = m + q. What is the highest common divisor of 24 and a?
12
Let v(g) = -6*g + 39 - 25 + 26 + 7*g. Let c be v(35). Calculate the greatest common factor of 30 and c.
15
Let x(q) = -2*q**2 - 17*q - 6. Let h be x(-8). Suppose -24 = -h*u + 12. What is the highest common divisor of u and 126?
18
Let g = -33 + 7. Let c be (60/(-28) - -2) + (-1376)/(-28) + -8. Let r = c + g. What is the highest common divisor of r and 30?
15
Let u = 89 + -95. Let q be 9/(-27) + (-32)/u. Suppose 5*b = -q*b + 1410. What is the highest common factor of b and 94?
47
Suppose -j - 4*j + 18617 = -3*n, -3*n - 3721 = -j. What is the greatest common factor of 152 and j?
76
Suppose 97 = 218*f - 1821 - 698. Calculate the greatest common factor of f and 4854.
6
Let i = -1663 - -1711. What is the greatest common divisor of 180 and i?
12
Suppose -77*h + 4561 = -5680. Let j(b) = 2*b**2 + 0 + 2 - 2 - 4 + 5*b. Let d be j(-6). Calculate the greatest common factor of d and h.
19
Suppose -2*c + 4*k = -364, 4*c - 715 = -3*k - 2*k. Let f = 187 - c. What is the highest common divisor of f and 7?
7
Suppose 71 - 176 = -5*t. Let x be (t/7 + 0)*69. What is the greatest common factor of 138 and x?
69
Let z be 40370 + (-16)/16*-22. Calculate the highest common divisor of 187 and z.
187
Suppose 5*c + 0*c = 630. Let u(m) = -9*m + 489. Let a be u(53). What is the highest common divisor of a and c?
6
Suppose 5849*t = 5852*t + 2*w - 41272, 0 = -4*t + 3*w + 55018. What is the greatest common divisor of t and 152?
76
Suppose 17*u + 1530 = 26*u. What is the highest common divisor of 85 and u?
85
Let v be 11 - 15/(105/(-56)). Let i(q) = q + 1. Let k be i(v). Let x be 4/10 + 76/10. What is the greatest common divisor of x and k?
4
Let x = -18630 + 18806. What is the highest common factor of x and 1584?
176
Let d(n) = n**3 - 35*n**2 - 199*n + 23. Let o be d(40). What is the greatest common divisor of o and 1715?
7
Suppose 4448*r - 8880*r = -4446*r + 210. Let o = 659 - -226. Calculate the highest common divisor of r and o.
15
Suppose 2*w = 3*p - 121, 5*w + 49 = 4*p - 3*p. Let n = 393 - 390. Suppose 3*d + n = -4*r, -16*r + 17*r = -3. Calculate the greatest common factor of p and d.
3
Let t = -60 + 69. Suppose -15*p + t*p + 114 = 0. Calculate the greatest common divisor of p and 19.
19
Suppose -22*z - 186 = -802. Let i = -388 - -640. What is the highest common divisor of i and z?
28
Let h = 71 + -7. Suppose 0 = h*j - 63*j - 15. Let r(i) = -i**2 + 21*i + 10. Let s be r(j). What is the greatest common factor of s and 40?
20
Let w = -25116 - -25214. What is the greatest common factor of 714 and w?
14
Let z be ((-30)/40)/((-2)/8). Suppose -h = -3*l + 118, -16 - 34 = -l + z*h. Calculate the highest common factor of l and 342.
38
Suppose -4*a = -27 - 21. Suppose -73 = -a*f + 467. Let h = 6 + 9. Calculate the greatest common divisor of f and h.
15
Let z = -2668 - -4827. Calculate the highest common divisor of z and 508.
127
Let r(a) = -a - 7. Let h be 2*(-36)/(-42)*-1*7. Let d be r(h). Suppose -k - 8 + 28 = -d*o, k + 3*o - 12 = 0. Calculate the greatest common divisor of k and 105.
15
Let a be 16*(-55)/(-10) + 11. What is the greatest common factor of a and 45?
9
Let n = 4810 - -8858. Calculate the highest common divisor of 204 and n.
204
Let l(u) = -u**2 - 31*u - 58. Suppose -z - 5*d - 23 = z, z + 14 = -2*d. Let b be l(z). What is the greatest common divisor of b and 44?
22
Let d(w) = 2*w**3 - 19*w**2 + 2*w - 99. Let a be d(10). What is the highest common factor of 469 and a?
7
Suppose 0 = 13*g - 8182 - 2738. Calculate the greatest common factor of g and 96.
24
Let z(t) = -4*t**2 - 251*t + 512. Let v be z(-62). Calculate the greatest common divisor of 10 and v.
2
Let s = -38 - -42. Suppose 5*b - 13 = -4*z, -5*z - 3*b + 9 = -s. Suppose -3*t + z*h = 3*h - 49, 5*h = -5*t + 85. What is the greatest common factor of t and 8?
8
Suppose 3*d = -30*h + 32*h + 5196, -6900 = -4*d - 2*h. What is the greatest common factor of d and 90?
18
Let i(y) = -y**3 - 2*y**2 + 3. Let r be i(0). Let a be (0 + -1)/((2/2)/r). Let t be (16/4 - -232) + -1 + a. What is the highest common divisor of 29 and t?
29
Let s(l) = 106*l - 50*l + l**2 - 61 - 44*l - 31*l. Let d be s(22). What is the greatest common factor of 45 and d?
5
Let x be 1/((-2)/(-640)) - (-1)/1. Let k = x + -289. What is the greatest common divisor of k and 864?
32
Suppose -5*g = 3*y + 200, g + 36 = 2*y - 4. Let a be 8/(g/(-2055)) - 6. Calculate the greatest common divisor of 90 and a.
45
Suppose 2*n + 2348 = 2*f, 2*n - 6*n + 3543 = 3*f. What is the highest common divisor of f and 214?
107
Let m = 42 - 72. Let n be (m/(-8))/(((-26)/(-72))/13). Suppose 2*d + 3*h = n, -d - 3 = -2*h - 53. Calculate the greatest common divisor of d and 40.
20
Let v = 3532 - 3502. Calculate the greatest common factor of v and 990.
30
Let p(o) = 16*o - 31 - 11 + 19*o**2 + 10 - 9*o**2. Let a be p(2). What is the highest common factor of a and 40?
40
Let z be (-3 - 0) + 837 + 8/2. Suppose 0 = 16*v - z - 410. Calculate the highest common divisor of v and 65.
13
Let d = 241 + -76. Let b be (-2)/3 - 3487/(-33). Let m = b + -50. What is the highest common divisor of d and m?
55
Suppose -54 = -2*j - 0*j. Let w = -32449 + 32464. Calculate the greatest common factor of j and w.
3
Let y = -38928 - -48303. What is the highest common divisor of y and 120?
15
Let c = 30 + -39. Let h(y) = y**3 + 11*y**2 + 21*y - 3. Let k be h(c). Let b = k + 58. Calculate the greatest common divisor of 84 and b.
28
Let r = -1298 + 1304. What is the highest common divisor of 118 and r?
2
Suppose 0 = -4*m + m + 6. Suppose s - m*l = 3*l - 42, -2*s - 5*l - 24 = 0. Let g = 118 + s. What is the greatest common factor of g and 64?
32
Suppose -9*v - 120000 = -14*v + 2*c, 2*v - 4*c - 48000 = 0. Calculate the highest common factor of 25 and v